igit of 8593471?
7
What is the hundreds digit of 18474087?
0
What is the hundreds digit of 390936?
9
What is the hundred thousands digit of 581104?
5
What is the ten thousands digit of 564274?
6
What is the thousands digit of 143630?
3
What is the units digit of 440627?
7
What is the thousands digit of 457442?
7
What is the thousands digit of 5175215?
5
What is the hundreds digit of 6437612?
6
What is the thousands digit of 10802359?
2
What is the thousands digit of 3706241?
6
What is the tens digit of 645997?
9
What is the tens digit of 15167?
6
What is the hundreds digit of 2803337?
3
What is the tens digit of 201811?
1
What is the thousands digit of 221032?
1
What is the ten thousands digit of 2701320?
0
What is the thousands digit of 21341692?
1
What is the units digit of 4830108?
8
What is the hundred thousands digit of 16900874?
9
What is the millions digit of 3244823?
3
What is the millions digit of 20339441?
0
What is the hundred thousands digit of 435306?
4
What is the hundred thousands digit of 8824298?
8
What is the ten thousands digit of 254609?
5
What is the tens digit of 157232?
3
What is the units digit of 273818?
8
What is the millions digit of 10272737?
0
What is the ten thousands digit of 155427?
5
What is the thousands digit of 248327?
8
What is the millions digit of 2885667?
2
What is the hundreds digit of 1693957?
9
What is the millions digit of 6527227?
6
What is the ten millions digit of 19374263?
1
What is the tens digit of 1377085?
8
What is the thousands digit of 14573?
4
What is the tens digit of 207965?
6
What is the ten thousands digit of 1135121?
3
What is the units digit of 16699?
9
What is the units digit of 118071?
1
What is the hundred thousands digit of 205732?
2
What is the ten thousands digit of 11114878?
1
What is the millions digit of 5634285?
5
What is the units digit of 21124563?
3
What is the thousands digit of 473628?
3
What is the tens digit of 213299?
9
What is the hundred thousands digit of 551483?
5
What is the hundred thousands digit of 636600?
6
What is the hundreds digit of 203005?
0
What is the hundreds digit of 646349?
3
What is the thousands digit of 974470?
4
What is the hundreds digit of 23241952?
9
What is the ten thousands digit of 68096?
6
What is the tens digit of 673557?
5
What is the ten thousands digit of 178121?
7
What is the ten thousands digit of 5118496?
1
What is the hundreds digit of 12829909?
9
What is the thousands digit of 1538011?
8
What is the thousands digit of 318738?
8
What is the thousands digit of 364559?
4
What is the tens digit of 75964?
6
What is the millions digit of 1090244?
1
What is the millions digit of 8110779?
8
What is the ten millions digit of 10191766?
1
What is the millions digit of 9965075?
9
What is the tens digit of 6487910?
1
What is the hundred thousands digit of 6758129?
7
What is the tens digit of 5049028?
2
What is the hundreds digit of 10618985?
9
What is the units digit of 598125?
5
What is the tens digit of 5451978?
7
What is the hundreds digit of 1477160?
1
What is the millions digit of 1421719?
1
What is the hundreds digit of 3100669?
6
What is the tens digit of 199261?
6
What is the millions digit of 6833930?
6
What is the ten thousands digit of 17198553?
9
What is the thousands digit of 742735?
2
What is the hundred thousands digit of 340664?
3
What is the hundreds digit of 2089245?
2
What is the hundreds digit of 1782388?
3
What is the hundred thousands digit of 13341114?
3
What is the ten millions digit of 20067203?
2
What is the tens digit of 364155?
5
What is the tens digit of 1650558?
5
What is the hundreds digit of 499985?
9
What is the tens digit of 988658?
5
What is the units digit of 1462325?
5
What is the hundred thousands digit of 354880?
3
What is the units digit of 87750?
0
What is the tens digit of 343565?
6
What is the millions digit of 9937601?
9
What is the units digit of 1788186?
6
What is the units digit of 2590816?
6
What is the thousands digit of 726457?
6
What is the hundred thousands digit of 1847690?
8
What is the hundreds digit of 229456?
4
What is the units digit of 295789?
9
What is the thousands digit of 9204366?
4
What is the ten thousands digit of 682403?
8
What is the millions digit of 5875853?
5
What is the units digit of 529175?
5
What is the tens digit of 651436?
3
What is the units digit of 146995?
5
What is the hundred thousands digit of 533483?
5
What is the tens digit of 929296?
9
What is the units digit of 20674?
4
What is the ten thousands digit of 32245504?
4
What is the hundred thousands digit of 2823879?
8
What is the hundred thousands digit of 137532?
1
What is the hundreds digit of 837705?
7
What is the thousands digit of 4367516?
7
What is the ten thousands digit of 1460758?
6
What is the units digit of 1015437?
7
What is the ten thousands digit of 107174?
0
What is the hundreds digit of 16892941?
9
What is the thousands digit of 881076?
1
What is the hundred thousands digit of 2289287?
2
What is the units digit of 135303?
3
What is the units digit of 41431690?
0
What is the millions digit of 1469607?
1
What is the units digit of 490860?
0
What is the millions digit of 3764013?
3
What is the hundreds digit of 460218?
2
What is the tens digit of 92459?
5
What is the hundreds digit of 32593?
5
What is the units digit of 10342?
2
What is the thousands digit of 248824?
8
What is the thousands digit of 161982?
1
What is the millions digit of 5911400?
5
What is the units digit of 33843144?
4
What is the units digit of 376415?
5
What is the units digit of 13004142?
2
What is the hundreds digit of 255479?
4
What is the hundred thousands digit of 861518?
8
What is the hundred thousands digit of 205031?
2
What is the hundreds digit of 536336?
3
What is the hundred thousands digit of 36759619?
7
What is the units digit of 6708198?
8
What is the ten thousands digit of 263094?
6
What is the units digit of 116505?
5
What is the thousands digit of 35152?
5
What is the millions digit of 17450185?
7
What is the ten thousands digit of 146191?
4
What is the thousands digit of 15220?
5
What is the thousands digit of 9717037?
7
What is the hundreds digit of 22373?
3
What is the thousands digit of 6754306?
4
What is the hundreds digit of 9189058?
0
What is the tens digit of 305069?
6
What is the hundreds digit of 19030?
0
What is the units digit of 69938?
8
What is the thousands digit of 3156407?
6
What is the tens digit of 80724?
2
What is the hundreds digit of 165158?
1
What is the hundred thousands digit of 1598144?
5
What is the units digit of 765644?
4
What is the thousands digit of 1591545?
1
What is the units digit of 5105396?
6
What is the ten thousands digit of 205833?
0
What is the units digit of 77626?
6
What is the thousands digit of 2320777?
0
What is the units digit of 369096?
6
What is the hundreds digit of 429606?
6
What is the thousands digit of 3064186?
4
What is the millions digit of 5758787?
5
What is the thousands digit of 25755500?
5
What is the ten thousands digit of 234709?
3
What is the tens digit of 56266?
6
What is the ten thousands digit of 13195360?
9
What is the ten thousands digit of 4253548?
5
What is the units digit of 212916?
6
What is the thousands digit of 725374?
5
What is the tens digit of 5448171?
7
What is the hundred thousands digit of 10248603?
2
What is the thousands digit of 944680?
4
What is the ten thousands digit of 2428562?
2
What is the tens digit of 487053?
5
What is the hundreds digit of 7811291?
2
What is the units digit of 3197981?
1
What is the ten thousands digit of 529835?
2
What is the hundred thousands digit of 389006?
3
What is the hundred thousands digit of 3258019?
2
What is the units digit of 278211?
1
What is the ten millions digit of 27356906?
2
What is the thousands digit of 1339548?
9
What is the units digit of 212092?
2
What is the hundreds digit of 561027?
0
What is the ten thousands digit of 39000?
3
What is the units digit of 1446981?
1
What is the ten thousands digit of 2449470?
4
What is the hundred thousands digit of 6569071?
5
What is the units digit of 374988?
8
What is the ten thousands digit of 137543?
3
What is the thousands digit of 111874?
1
What is the millions digit of 7544166?
7
What is the hundreds digit of 272665?
6
What is th